 0, 0 = -f + 5*v - 9. Let r(w) = -w**3 + 3*w**2 + 2. Let l be r(3). Let u(j) = -3*j**l - 3*j + j + j. What is u(f)?
-4
Let t(d) be the third derivative of d**8/6720 + d**7/630 - d**6/360 - d**5/30 + 7*d**4/24 - 5*d**2. Let p(m) be the second derivative of t(m). Give p(-4).
4
Let p(o) = -2*o + 9. Let u(n) = -2*n + 8. Let v(t) = -5*p(t) + 6*u(t). Give v(7).
-11
Let w(a) = -3*a**3 - 5*a**2 + a + 4. Let g(d) = 7*d**3 + 11*d**2 - 2*d - 8. Let t = -13 - -18. Let i = t + -3. Let f(c) = i*g(c) + 5*w(c). Calculate f(-3).
1
Let i(c) = -4*c**2 - 2*c - 1. Let b be ((-1)/(-3))/(3/(-18)). What is i(b)?
-13
Let i(c) = -c**3 + 2*c**2 - 2*c - 1. Let d be i(2). Let h = 0 - d. Let a(p) = 0 - 2 + 8 - 4*p**3 - p + h*p**2 + 3*p**3. What is a(5)?
1
Let s = 64 - 36. Suppose 2 + s = 5*i. Let c(k) = -2*k + 5. Calculate c(i).
-7
Let z(l) = -l**2 - 9*l - 5. Let m(u) = u**2 + 5*u - 14. Let t be m(-7). Suppose t = -2*n - 2 - 12. Calculate z(n).
9
Let w(i) be the first derivative of -i**3/3 - 3*i**2/2 + i - 9. Calculate w(-3).
1
Let m(l) = -l + 7. Suppose 4*q = 4*j - 4 - 28, 0 = 3*q + 15. Suppose -j*f = 13 - 4. Let a = 3 + f. What is m(a)?
7
Let h(u) = 2*u**3 + 2*u**2 - u. Let r = -10 - -6. Let b be r/6 + (-4)/3. Calculate h(b).
-6
Suppose -2*r - 3*r - 20 = 0. Let z(n) = n - 15 + n**2 + 4*n + 10. Give z(r).
-9
Let x = -1 + 2. Let s(y) = 2*y**2 + 4*y + 7. Let b(u) = -4*u**2 - 7*u - 13. Let r(m) = m**2 - 8*m + 6. Let o be r(6). Let i(j) = o*b(j) - 11*s(j). Give i(x).
1
Let o(p) = -p**2 + 3*p - 1. Let g be -3 + 3 - (1 + -4). Determine o(g).
-1
Let y(h) = h**2 + h. Let k be y(-2). Let v(g) = -g**3 + 3*g**2 - 3*g + 2. Determine v(k).
0
Let j(q) = 2*q**2 - 3*q. Let n be 0*2/(8/2). Suppose a - 3 + 1 = n. Give j(a).
2
Let y(d) = d**3 - 11*d**2 + 2. Let q be -11*(2 - 3)*1. Let g be y(q). Let c(n) = -3*n**2 + 2*n - 1. Give c(g).
-9
Let a(q) = q - 2. Suppose w + 8 = -3*n, -3*n + 27 = w - 7*n. Give a(w).
5
Let v(c) = -16*c - 1. Let i(s) = -31*s - 2. Let z(f) = -3*i(f) + 5*v(f). What is z(-1)?
-12
Let t(b) be the first derivative of b**2 - b - 2. Suppose j + 5*c = 2, j - 2 = -3*c - 0. Determine t(j).
3
Let q(y) = -y + 2. Suppose 22 = 3*a - a. Suppose -2*z + 2*f + 3 = -a, -4*f + 26 = 2*z. Let b(j) = j**2 - 8*j - 6. Let o be b(z). Determine q(o).
-1
Let s be (-10)/(-4)*(-8)/(-10). Suppose -3*l = 4*o + 4, 5*o - 2*l - 19 = -1. Let q(x) = -4 + 0*x - s*x - x**o - 2*x. Determine q(-4).
-4
Let y(v) = 0 - 2*v - 2 + 0*v. Suppose -9*r + 5*r = -8. Let f(a) = 2*a - 1. Let n be f(r). Calculate y(n).
-8
Let s be 2/(-5) + 60/25. Suppose 10 = 4*a - s. Let y(o) = -2*o**2 + 4*o. Determine y(a).
-6
Let k be -1*(-3 + (4 - 1))/(-3). Let l(b) = b + 0*b + 13 - 4. Calculate l(k).
9
Let z(x) = -x**2 - 8*x - 8. Suppose -t - 2 = v - 0*t, 50 = -5*v + 5*t. Calculate z(v).
4
Let q(u) = u**3 - 5*u**2 - 8*u + 9. Let p = 24 + -25. Let l = p - -7. What is q(l)?
-3
Let x(a) be the third derivative of -a**4/24 - a**3/2 + 26*a**2. Calculate x(-5).
2
Let z be 0/(-2 + (2 - 1)). Let j(i) = -4*i**2 + 3 - 3*i + 3*i**2 + z*i. Let c be (-8)/(-12)*(-1 + -5). Determine j(c).
-1
Let o(t) = 6*t - 27. Let u be o(5). Let b(m) = m**2 - m. What is b(u)?
6
Let p be 3*1 + 0 + -1. Let w be (-6 + 3/(-3))*-1. Let h(c) = -5*c - c**p + 6*c**3 + 2 + 5*c**2 - w*c**3. What is h(3)?
-4
Let n(z) = 2*z + 1. Suppose 0 = -m - m - 8. Calculate n(m).
-7
Let b be 38/8 - (-1)/4. Suppose 10 + 2 = -3*q, 10 = b*i + 5*q. Let w(c) = 10*c - 57. Let x(s) = 3*s - 18. Let g(n) = 2*w(n) - 7*x(n). Calculate g(i).
6
Let r(n) be the first derivative of -n**2/2 - 5*n + 53. Let i(x) = x - 3. Let m be i(-3). Give r(m).
1
Let v(q) be the first derivative of q**4/4 - 5*q**3/3 - q**2/2 + 3*q + 20. Calculate v(5).
-2
Let z(i) = -i - 1. Suppose 0 = 3*m - 3 + 6. Let t be 3 + (m - (1 + 0)). Determine z(t).
-2
Suppose 2*n - 4 = 3*n. Let t be n/12*9*-1. Let j(g) = -g**3 + 4*g**2 - 3*g - 1. Determine j(t).
-1
Let a(l) = -l**3 + 6*l**2 + 2. Let t = 12 + -6. Let r be a(t). Let o(z) = z**2 + z + 2. What is o(r)?
8
Let k(d) = 4*d - 2*d - 2*d - d + 2. Let t be k(-2). Suppose -5*x - 5*b - 28 + 3 = 0, t*x + 18 = -3*b. Let y(n) = n + 5. Calculate y(x).
2
Suppose 0 = 4*j + j - 80. Suppose -4*c - j + 0 = 0. Let u(i) = -i**2 - 3*i + 5. Calculate u(c).
1
Let u(g) be the third derivative of g**8/20160 - g**7/840 + g**6/144 - g**5/10 - g**2. Let k(i) be the third derivative of u(i). Calculate k(5).
0
Let n be (5 - 18/4)/(3/24). Let q(g) = 2*g**2 - 5*g. What is q(n)?
12
Let p(q) = 1602*q - 2 - 1602*q - 6*q**2. What is p(-2)?
-26
Suppose 9 = 4*y - m, y - 5*m + 3*m = 4. Let h(l) = 2*l - 9. Let w(p) = p - 2. Let o(n) = -h(n) + 5*w(n). What is o(y)?
5
Let a(s) = -4*s - 4. Suppose -8*g = l - 7*g + 3, -4*g - 7 = 3*l. What is a(l)?
16
Let d be ((-2)/6)/(1/3). Let m(s) = -2*s**3 - s**2. Calculate m(d).
1
Let k(b) = b**2 + b - 7. Suppose 0 = 2*s - 4*s + 22. Let l = s + -11. Determine k(l).
-7
Let k(q) = q**2 + 13. Let g = 35 - 35. Determine k(g).
13
Let h(v) be the first derivative of v**2/2 - 4*v - 3. Let i(b) = -1. Let g be 6/2*4/(-6). Let u(l) = g*i(l) + h(l). Determine u(0).
-2
Let r(j) = -j**3 + 10*j - 5. Let q(m) = 5 + m**3 + m - 10*m - 1 - m**2. Let b(c) = -5*q(c) - 4*r(c). What is b(6)?
-6
Let k(j) = -j**3 - 6*j**2 - 4*j + 3. Suppose -6 = -5*o - 2*m, -2*o = -5*m + 3 + 12. Suppose -2*a + o*a = 6, -a + 25 = 2*f. Let z = 9 - f. Give k(z).
-2
Let i(l) = -1 + 8 - 3 + 5*l - l**2 + 0*l. Let v be 3 - (-1 + 0 + -2). Determine i(v).
-2
Let q(i) = i**2 - 9*i + 10. Let x be q(8). Let d(v) be the second derivative of 0 + x*v + 1/2*v**2 - 1/2*v**3. Give d(-1).
4
Let b(d) = d + 5. Let g be b(0). Let q be (-4)/g*(-5)/(-1). Let f(s) = -s**3 - 4*s**2 - 2*s - 6. Determine f(q).
2
Suppose -6*l = -2*l - 12. Let o(i) = -i + 2. Let t(r) = 1. Let s = 9 + -15. Let z(y) = s*t(y) + 5*o(y). Calculate z(l).
-11
Let r(v) = -3*v**2 + 22*v - 16. Let z(k) = 2*k**2 - 15*k + 11. Let n(a) = 5*r(a) + 7*z(a). Let d(q) = -q + 6. Let u be d(0). Determine n(u).
-9
Let y(c) be the first derivative of 4*c**3/3 + c**2/2 + c + 2. Let t be y(-1). Let w(b) = -b**3 + 0 + 2 + 2 - 3*b + 4*b**2. Determine w(t).
-8
Let i be ((-3)/6)/((-2)/(-8)). Let l(k) = -20*k. Let g(p) = 3*p. Let z(t) = -15*g(t) - 2*l(t). Give z(i).
10
Let y(p) = -6*p - 7. Let d be y(-2). Let l(g) be the third derivative of 0*g - g**2 + 1/3*g**4 - 3/2*g**3 + 1/12*g**d + 0 - 1/120*g**6. Calculate l(6).
3
Suppose -11 = -n - 3*z, -2*n + 0*z - 2*z + 14 = 0. Suppose 3*w - 41 + 18 = n*q, -5*q = 5. Let h(d) = d**3 - 6*d**2 + d. Determine h(w).
6
Let m(y) = -y**2 + 4. Suppose -4*s + 6 = 42. Let u = s - -12. Give m(u).
-5
Let a(n) be the third derivative of -n**5/120 + n**4/12 + n**3/6 + 3*n**2. Let g(l) be the first derivative of a(l). Calculate g(-6).
8
Let k(o) = -3*o**3 + 2*o**2 - 1. Suppose 0 = 2*y + 6 + 4. Let x(u) = u**2 + 4*u - 6. Let w be x(y). Determine k(w).
4
Let m(b) = 2 - 5*b**2 - 2 + 1 + 2 + b**3 + 3*b. Calculate m(4).
-1
Let i(w) = -2*w + 3. Let f(p) = -2*p**3 + 8*p**2 - 9*p + 11. Let u(t) = t**3 - 1. Let k(c) = -f(c) - u(c). Let j be k(7). What is i(j)?
-5
Let a = 0 - -1. Let m(i) be the second derivative of -2/3*i**3 - 1/2*i**2 + 2*i + 0. Determine m(a).
-5
Let q(j) be the third derivative of -j**6/120 - 2*j**5/15 - j**4/3 - 3*j**3/2 + 26*j**2. Determine q(-7).
-2
Let c(z) = -z - 10 + 4 - 7 + 0*z. Let u = 0 + -6. Calculate c(u).
-7
Let y(i) be the first derivative of -i**3/3 - i**2/2 + 8*i + 6. Calculate y(0).
8
Let o(z) be the second derivative of z**5/20 + z**4/2 + z**3/2 + 4*z**2 - 4*z. Suppose 0 = -0*x + 2*x + 12. Calculate o(x).
-10
Let o(k) = -k**2 + 3*k - 5. Let j(g) = 2*g**2 - 7*g + 11. Let t(u) = -3*j(u) - 7*o(u). Calculate t(-2).
6
Let o(d) = d + 7. Suppose 11*l + 34 = -21. Calculate o(l).
2
Let m = 200 - 203. Let k(j) be the second derivative of j**5/20 + j**4/6 - j**3/3 - j. What is k(m)?
-3
Suppose 4*d = 3*d. Let o(m) = -7*m**2 + d - 3 + m + 6*m**2 - 3*m. Determine o(-3).
-6
Let r(p) = 2*p - 1. Let z be r(3). Let g(d) = 4*d - d**3 - 6*d**2 - d**2 - z*d + 5 - 4*d. Determine g(-6).
-1
Let k be 3/(-3)*(-1 + -3). Let s(n) = n**3 - 5*n**2 + 5*n. Determine s(k).
4
Let y(g) = -g + 1. Let p be y(-3). Suppose i = -p*u + 29, 3*u - 2*i + 0*i - 8 = 0. Let z(w) = -w**2 + 4*w + 6. Determine z(u).
-6
Suppose 0 = -5*r + 10, -2*b - 3 + 11 = 3*r. Let u be 0*(0 + -1) + b.